{"id":3,"date":"2019-06-09T19:11:25","date_gmt":"2019-06-09T19:11:25","guid":{"rendered":"http:\/\/serwer1956152.home.pl\/autoinstalator\/wordpressplugins\/?page_id=3"},"modified":"2022-11-08T16:22:47","modified_gmt":"2022-11-08T15:22:47","slug":"polityka-prywatnosci","status":"publish","type":"page","link":"https:\/\/braincrafting.pl\/index.php\/polityka-prywatnosci\/","title":{"rendered":"Polityka prywatno\u015bci"},"content":{"rendered":"<span style=\"color: #000000;\">Niniejsza Polityka Prywatno\u015bci i Plik\u00f3w Cookies, stosowana jest wobec domeny strony internetowej\u00a0<a style=\"color: #000000;\" href=\"http:\/\/www.braincrafting.pl\/\" target=\"_blank\" rel=\"noopener\" data-saferedirecturl=\"https:\/\/www.google.com\/url?q=http:\/\/www.braincrafting.pl&amp;source=gmail&amp;ust=1668006532783000&amp;usg=AOvVaw2vtS3eHQs6CgvT6e6U9XtP\">www.braincrafting.pl<\/a>, (dalej zwanej Serwis), kt\u00f3rej operatorem jest \u201eAnna Werner-Maliszewska\u201d. Przestrzegamy Ustawy z dnia z dnia 10 maja 2018 r. o ochronie danych osobowych \u2013 podpisanej przez Prezydenta RP dnia 22 maja 2018 r., zwanej dalej Ustawa RODO. Dokument Polityki Prywatno\u015bci i Plik\u00f3w Cookies jest na bie\u017c\u0105co weryfikowany i w razie potrzeby aktualizowany. (to zdanie na czerwono usun\u0105\u0107:\u00a0Niniejsza wersja obowi\u0105zuje pocz\u0105wszy od 26 wrze\u015bnia 2018 r.\u00a0Korzystaj\u0105c z Serwisu akceptujesz Polityk\u0119 Prywatno\u015bci i Plik\u00f3w Cookies.<\/span>\n<h2>Dzia\u0142 II. Polityka Prywatno\u015bci Serwisu Internetowego www.braincrafting.pl<\/h2>\n<!-- \/wp:heading --> <!-- wp:heading {\"level\":4} -->\n<h4>Administrator danych osobowych<\/h4>\n<div><span style=\"color: #000000;\">1) Administratorem danych osobowych przetwarzanych w Serwisie jest firma\u00a0Anna Werner-Maliszewska, ul. Blokowa 10, 03-641 Warszawa, NIP 951\u00a0224 39 11, REGON 523550098.<\/span><\/div>\n<div><\/div>\n<div><span style=\"color: #000000;\">2) We wszelkich sprawach zwi\u0105zanych z Polityk\u0105 Prywatno\u015bci nale\u017cy kontaktowa\u0107 si\u0119 z Administratorem za po\u015brednictwem poczty elektronicznej na adres: <a style=\"color: #000000;\" href=\"mailto:admin@braincrafting.pl\" target=\"_blank\" rel=\"noopener\">admin@braincrafting.pl<\/a>\u00a0lub pisemnie na adres\u00a0Blokowa 10, 03-641 Warszawa.<\/span><\/div>\n<!-- \/wp:paragraph --> <!-- wp:heading {\"level\":4} -->\n<h4>Hosting i bezpiecze\u0144stwo Serwisu i domeny<\/h4>\n<!-- \/wp:heading --> <!-- wp:paragraph -->\n\n3) Hosting serwisu zapewnia zewn\u0119trzny dostawca Home.pl SA.\n\n<!-- \/wp:paragraph --> <!-- wp:paragraph -->\n\n4) Serwis i domena zabezpieczone s\u0105 poprzez us\u0142ug\u0119 szyfrowania danych homeSSL, co oznacza, \u017ce zar\u00f3wno korzystanie z Serwisu jak i korespondencja e-mail jest zabezpieczona.\n\n<!-- \/wp:paragraph --> <!-- wp:paragraph -->\n\n5) Na mocy stosownej umowy zawartej na us\u0142ugi, o kt\u00f3rych mowa powy\u017cej, zosta\u0142y powierzone dostawcy Home.pl SA dane osobowe.\n\n<!-- \/wp:paragraph --> <!-- wp:paragraph -->\n\n6) Informacje dotycz\u0105ce przetwarzania i ochrony danych przez Home.pl SA, U\u017cytkownik znajdzie tutaj: https:\/\/pomoc.home.pl\/section\/rodo-przetwarzanie-i-ochrona-danych-w-home-pl\n\n<!-- \/wp:paragraph --> <!-- wp:heading {\"level\":4} -->\n<h4>Spos\u00f3b przetwarzania danych osobowych<\/h4>\n<!-- \/wp:heading --> <!-- wp:paragraph -->\n\n7) Administrator dba w szczeg\u00f3lny spos\u00f3b o bezpiecze\u0144stwo danych osobowych, w tym przetwarzanych za po\u015brednictwem Serwisu. Wszelkie podawane przez U\u017cytkownika dane osobowe przetwarzane s\u0105 zgodnie z przepisami prawa, w szczeg\u00f3lno\u015bci z ustaw\u0105 o ochronie danych osobowych z dnia 10 maja 2018 r.\n\n<!-- \/wp:paragraph --> <!-- wp:paragraph -->\n\n8) Administrator dok\u0142ada szczeg\u00f3lnej staranno\u015bci w celu ochrony interes\u00f3w os\u00f3b, kt\u00f3rych dane dotycz\u0105, a w szczeg\u00f3lno\u015bci zapewnia, \u017ce zbierane przez niego dane s\u0105 przetwarzane zgodnie z prawem; zbierane dla oznaczonych, zgodnych z prawem cel\u00f3w i niepoddawane dalszemu przetwarzaniu niezgodnemu z tymi celami; merytorycznie poprawne i adekwatne w stosunku do cel\u00f3w, w jakich s\u0105 przetwarzane oraz przechowywane w postaci umo\u017cliwiaj\u0105cej identyfikacj\u0119 os\u00f3b, kt\u00f3rych dotycz\u0105, nie d\u0142u\u017cej ni\u017c jest to niezb\u0119dne do osi\u0105gni\u0119cia celu przetwarzania.\n\n<!-- \/wp:paragraph --> <!-- wp:paragraph -->\n\n9) Administrator stosuje \u015brodki techniczne i organizacyjne zapewniaj\u0105ce ochron\u0119 przetwarzanych danych osobowych odpowiedni\u0105 do zagro\u017ce\u0144 oraz kategorii danych obj\u0119tych ochron\u0105, a w szczeg\u00f3lno\u015bci zabezpiecza dane przed ich udost\u0119pnieniem osobom nieupowa\u017cnionym, przetwarzaniem z naruszeniem obowi\u0105zuj\u0105cych przepis\u00f3w oraz zmian\u0105, utrat\u0105, uszkodzeniem lub zniszczeniem.\n\n<!-- \/wp:paragraph --> <!-- wp:heading {\"level\":4} -->\n<h4>Cel przetwarzania danych osobowych<\/h4>\n<!-- \/wp:heading --> <!-- wp:paragraph -->\n\n10) Administrator przetwarza dane osobowe w zakresie niezb\u0119dnym do korzystania z Serwisu i realizacji us\u0142ug t.j. nawi\u0105zanie, wykonanie lub rozwi\u0105zanie stosunku umownego polegaj\u0105cego na korzystaniu z funkcjonalno\u015bci Serwisu, w szczeg\u00f3lno\u015bci wysy\u0142ania ofert marketingowych dotycz\u0105cych informacji o us\u0142ugach jak i realizacji us\u0142ug na zlecenie U\u017cytkownika.\n\n<!-- \/wp:paragraph --> <!-- wp:heading {\"level\":4} -->\n<h4>Przetwarzane dane osobowe<\/h4>\n<!-- \/wp:heading --> <!-- wp:paragraph -->\n\n11) O zakresie wymaganych danych osobowych do skorzystania z danej funkcji Serwisu U\u017cytkownik jest ka\u017cdorazowo uprzednio informowany. Administrator mo\u017ce przetwarza\u0107 nast\u0119puj\u0105ce dane osobowe U\u017cytkownik\u00f3w:\n\n<!-- \/wp:paragraph --> <!-- wp:list -->\n\na) adres e-mail,\n\nb) imi\u0119,\n\nc) nazwisko,\n\nd) numer telefonu,\n\ne) NIP.\n\n<!-- \/wp:list --> <!-- wp:heading {\"level\":4} -->\n<h4>Podstawa przetwarzania danych osobowych<\/h4>\n<!-- \/wp:heading --> <!-- wp:paragraph -->\n\n12) Korzystanie z Serwisu jest dobrowolne, ka\u017cdy samodzielnie decyduje czy chce korzysta\u0107 z Serwisu oraz us\u0142ug dostarczanych za jego po\u015brednictwem. Podanie danych osobowych przez U\u017cytkownika jest dobrowolne, aczkolwiek do korzystania z niekt\u00f3rych funkcji Serwisu lub us\u0142ug dostarczanych za jego po\u015brednictwem mo\u017ce by\u0107 niezb\u0119dne, o czym korzystaj\u0105cy U\u017cytkownik jest ka\u017cdorazowo uprzednio informowany.\n\n<!-- \/wp:paragraph --> <!-- wp:paragraph -->\n\n13) Korzystaj\u0105c z wybranych funkcjonalno\u015bci Serwisu U\u017cytkownik zobligowany jest do wyra\u017cania zgody na przetwarzanie jego danych osobowych w niezb\u0119dnym zakresie.\n\n<!-- \/wp:paragraph --> <!-- wp:paragraph -->\n\n14) U\u017cytkownik ma prawo do cofni\u0119cia zgody na przetwarzanie swoich danych osobowych \u2013 zar\u00f3wno w zakresie wybranego celu przetwarzania danych, jak i w og\u00f3lno\u015bci. W celu cofni\u0119cia zgody na przetwarzanie danych osobowych nale\u017cy skontaktowa\u0107 si\u0119 z Administratorem.\n\n<!-- \/wp:paragraph --> <!-- wp:paragraph -->\n\n15) Cofni\u0119cie zgody na przetwarzanie danych w celu nawi\u0105zania, wykonania lub rozwi\u0105zania stosunku umownego polegaj\u0105cego na korzystaniu z funkcjonalno\u015bci Serwisu mo\u017ce si\u0119 wi\u0105za\u0107 z konieczno\u015bci\u0105 rozwi\u0105zania umowy albo zaprzestania korzystania z Serwisu. Cofni\u0119cie zgody nie jest mo\u017cliwe, je\u017celi zgoda taka wynika z obowi\u0105zuj\u0105cych przepis\u00f3w prawa.\n\n<!-- \/wp:paragraph --> <!-- wp:paragraph -->\n\n16) U\u017cytkownik ma prawo dost\u0119pu do tre\u015bci swoich podanych przez siebie danych oraz ich poprawiania. W tym celu nale\u017cy skierowa\u0107 odpowiedni wniosek do Administratora.\n\n<!-- \/wp:paragraph --> <!-- wp:paragraph -->\n\n17) Jednorazowy wgl\u0105d, modyfikacja i usuni\u0119cie danych osobowych s\u0105 bezp\u0142atne. W pozosta\u0142ych przypadkach Administrator naliczy op\u0142at\u0119 w wysoko\u015bci 50 z\u0142 brutto za ka\u017cdy raport i 50 z\u0142 brutto za ka\u017cd\u0105 modyfikacj\u0119.\n\n<!-- \/wp:paragraph --> <!-- wp:paragraph -->\n\n18) Administrator nie sprzedaje danych osobowych. Przetwarzanie danych osobowych przez Administratora odbywa si\u0119 zgodnie z Polityk\u0105 Prywatno\u015bci lub przepisami obowi\u0105zuj\u0105cego prawa.\n\n<!-- \/wp:paragraph --> <!-- wp:paragraph -->\n\n19) Dane osobowe nie s\u0105 udost\u0119pniane osobom trzecim, za wyj\u0105tkiem przypadk\u00f3w, w kt\u00f3rych Administrator dysponuje uprzedni\u0105 zgod\u0105 U\u017cytkownika lub gdy udost\u0119pnienie danych jest prawnie dozwolone.\n\n<!-- \/wp:paragraph --> <!-- wp:heading {\"level\":4} -->\n<h4>Prawa autorskie<\/h4>\n<!-- \/wp:heading --> <!-- wp:paragraph -->\n\n20) Tre\u015bci zamieszczone w Serwisie s\u0105 chronione prawem autorskim i s\u0105 w\u0142asno\u015bci\u0105 Administratora.\n\n<!-- \/wp:paragraph --> <!-- wp:heading {\"level\":4} -->\n<h4>Informacje og\u00f3lne<\/h4>\n<!-- \/wp:heading --> <!-- wp:paragraph -->\n\n21) Serwis mo\u017ce zawiera\u0107 odno\u015bniki do innych stron internetowych. Administrator nie ponosi odpowiedzialno\u015bci za zasady zachowania prywatno\u015bci obowi\u0105zuj\u0105ce na tych stronach.\n\n<!-- \/wp:paragraph --> <!-- wp:paragraph -->\n\nAdministrator zaleca, by po przej\u015bciu na inne strony, zapozna\u0107 si\u0119 z polityk\u0105 prywatno\u015bci tam obowi\u0105zuj\u0105c\u0105. Odno\u015bniki te s\u0105 zamieszczone jedynie po to, by u\u0142atwi\u0107 U\u017cytkownikowi znalezienie konkretnych informacji.\n<h2>Dzia\u0142 III. Pliki cookies<\/h2>\n<h4>Czym s\u0105 cookies?<\/h4>\n22) Pliki cookies (tzw. \u201eciasteczka\u201d) stanowi\u0105 dane informatyczne, w szczeg\u00f3lno\u015bci pliki tekstowe, kt\u00f3re przechowywane s\u0105 w urz\u0105dzeniu ko\u0144cowym u\u017cytkownika Serwisu i przeznaczone s\u0105 do korzystania ze stron internetowych Serwisu.\n\n23) Cookies zazwyczaj zawieraj\u0105 nazw\u0119 strony internetowej, z kt\u00f3rej pochodz\u0105, czas przechowywania ich na urz\u0105dzeniu ko\u0144cowym oraz unikalny niepowtarzalny numer IP, kt\u00f3ry ma przypisany ka\u017cdy komputer pod\u0142\u0105czony do internetu. Na jego podstawie mo\u017cna np. zidentyfikowa\u0107 region, z kt\u00f3rego dany u\u017cytkownik \u0142\u0105czy si\u0119 z sieci\u0105.\n<h4>Dlaczego korzystamy z cookies?<\/h4>\n24) Cookies wykorzystujemy w celu:\n\na) dostosowania zawarto\u015bci stron internetowych Serwisu do preferencji u\u017cytkownika oraz optymalizacji korzystania ze stron internetowych &#8211; w szczeg\u00f3lno\u015bci pliki te pozwalaj\u0105 rozpozna\u0107 urz\u0105dzenie u\u017cytkownika Serwisu i odpowiednio wy\u015bwietli\u0107 stron\u0119 internetow\u0105, dostosowan\u0105 do jego indywidualnych potrzeb,\n\nb) tworzenia anonimowych statystyk, kt\u00f3re pomagaj\u0105 zrozumie\u0107, w jaki spos\u00f3b U\u017cytkownicy Serwisu korzystaj\u0105 ze stron internetowych, co umo\u017cliwia ulepszanie ich struktury i zawarto\u015bci,\n\nc) utrzymania sesji u\u017cytkownika Serwisu, dzi\u0119ki kt\u00f3rej u\u017cytkownik mo\u017ce korzysta\u0107 z oferowanych Us\u0142ug.\n<h4>Jakie rodzaje cookies wykorzystujemy?<\/h4>\n25) W ramach serwisu wykorzystujemy cookies sesyjne oraz sta\u0142e:\n\na) Cookies sesyjne \u2013 s\u0105 przechowywane na urz\u0105dzeniu U\u017cytkownika do momentu zako\u0144czenia korzystania z przegl\u0105darki. Cookies sesyjne maj\u0105 za zadanie optymalizacj\u0119 poruszania si\u0119 w serwisie, np. poprzez zapami\u0119tanie ustawie\u0144 zalogowanego w serwisie U\u017cytkownika, poprzez korzystanie z informacji o poprzednich wizytach, jak r\u00f3wnie\u017c wykorzystaniu informacji z innych plik\u00f3w cookies, zachowanych w zwi\u0105zku z wizytami w innych serwisach.\n\nb) Cookies sta\u0142e &#8211; s\u0105 przechowywane na urz\u0105dzeniu U\u017cytkownika do momentu ich usuni\u0119cia przez U\u017cytkownika, chyba, \u017ce parametry urz\u0105dzenia powoduj\u0105 wcze\u015bniejsze ich usuni\u0119cie (np. poprzez ustawienia domy\u015blne)\n\n26) Pliki Cookies wykorzystywane s\u0105 przez partner\u00f3w operatora Serwisu i podlegaj\u0105 polityce cookies partnera: Google Analitycs (administrator cookies). Wi\u0119cej informacji o Polityce Prywatno\u015bci Google U\u017cytkownik znajdzie tutaj: https:\/\/policies.google.com\/privacy?hl=pl\n<h4>Czy konieczna jest akceptacja cookies?<\/h4>\n27) Akceptacja cookies nie jest konieczna. Ograniczenie stosowania plik\u00f3w cookies mo\u017ce jednak wp\u0142yn\u0105\u0107 na niekt\u00f3re funkcjonalno\u015bci lub uniemo\u017cliwi\u0107 prawid\u0142owe korzystanie z Serwisu.\n\n28) W wielu przypadkach oprogramowanie s\u0142u\u017c\u0105ce do przegl\u0105dania stron internetowych (przegl\u0105darka internetowa) domy\u015blnie dopuszcza przechowywanie plik\u00f3w cookies w urz\u0105dzeniu ko\u0144cowym U\u017cytkownika.\n\n<a name=\"_GoBack\"><\/a>29) U\u017cytkownicy Serwisu mog\u0105 jednak dokona\u0107 w dowolnym momencie zmiany ustawie\u0144 dotycz\u0105cych plik\u00f3w cookies (ustawienia przegl\u0105darki internetowej). Ustawienia te mog\u0105 zosta\u0107 zmienione w szczeg\u00f3lno\u015bci w taki spos\u00f3b, aby blokowa\u0107 automatyczn\u0105 obs\u0142ug\u0119 plik\u00f3w cookies b\u0105d\u017a informowa\u0107 o ich ka\u017cdorazowym zamieszczeniu w urz\u0105dzeniu U\u017cytkownika Serwisu.\n\n30) Szczeg\u00f3\u0142owe informacje o mo\u017cliwo\u015bci i sposobach obs\u0142ugi plik\u00f3w cookies dost\u0119pne s\u0105 w ustawieniach oprogramowania U\u017cytkownika (przegl\u0105darki internetowej).","protected":false},"excerpt":{"rendered":"<p>Niniejsza Polityka Prywatno\u015bci i Plik\u00f3w Cookies, stosowana jest wobec domeny strony internetowej\u00a0www.braincrafting.pl, (dalej zwanej Serwis), kt\u00f3rej operatorem jest \u201eAnna Werner-Maliszewska\u201d. Przestrzegamy Ustawy z dnia z dnia 10 maja 2018 r. o ochronie danych osobowych \u2013 podpisanej przez Prezydenta RP dnia 22 maja 2018 r., zwanej dalej Ustawa RODO. Dokument Polityki Prywatno\u015bci i Plik\u00f3w Cookies jest &hellip; <a href=\"https:\/\/braincrafting.pl\/index.php\/polityka-prywatnosci\/\" class=\"more-link\">Continue reading <span class=\"screen-reader-text\">Polityka prywatno\u015bci<\/span><\/a><\/p>\n","protected":false},"author":1,"featured_media":0,"parent":0,"menu_order":0,"comment_status":"closed","ping_status":"open","template":"","meta":[],"yoast_head":"<!-- This site is optimized with the Yoast SEO plugin v19.9 - https:\/\/yoast.com\/wordpress\/plugins\/seo\/ -->\n<title>Polityka prywatno\u015bci | Braincrafting<\/title>\n<meta name=\"robots\" content=\"index, follow, max-snippet:-1, max-image-preview:large, max-video-preview:-1\" \/>\n<link rel=\"canonical\" href=\"https:\/\/braincrafting.pl\/index.php\/polityka-prywatnosci\/\" \/>\n<meta property=\"og:locale\" content=\"pl_PL\" \/>\n<meta property=\"og:type\" content=\"article\" \/>\n<meta property=\"og:title\" content=\"Polityka prywatno\u015bci | Braincrafting\" \/>\n<meta property=\"og:description\" content=\"Niniejsza Polityka Prywatno\u015bci i Plik\u00f3w Cookies, stosowana jest wobec domeny strony internetowej\u00a0www.braincrafting.pl, (dalej zwanej Serwis), kt\u00f3rej operatorem jest \u201eAnna Werner-Maliszewska\u201d. Przestrzegamy Ustawy z dnia z dnia 10 maja 2018 r. o ochronie danych osobowych \u2013 podpisanej przez Prezydenta RP dnia 22 maja 2018 r., zwanej dalej Ustawa RODO. Dokument Polityki Prywatno\u015bci i Plik\u00f3w Cookies jest &hellip; Continue reading Polityka prywatno\u015bci\" \/>\n<meta property=\"og:url\" content=\"https:\/\/braincrafting.pl\/index.php\/polityka-prywatnosci\/\" \/>\n<meta property=\"og:site_name\" content=\"Braincrafting\" \/>\n<meta property=\"article:modified_time\" content=\"2022-11-08T15:22:47+00:00\" \/>\n<meta name=\"twitter:card\" content=\"summary_large_image\" \/>\n<meta name=\"twitter:label1\" content=\"Szacowany czas czytania\" \/>\n\t<meta name=\"twitter:data1\" content=\"8 minut\" \/>\n<script type=\"application\/ld+json\" class=\"yoast-schema-graph\">{\"@context\":\"https:\/\/schema.org\",\"@graph\":[{\"@type\":\"WebPage\",\"@id\":\"https:\/\/braincrafting.pl\/index.php\/polityka-prywatnosci\/\",\"url\":\"https:\/\/braincrafting.pl\/index.php\/polityka-prywatnosci\/\",\"name\":\"Polityka prywatno\u015bci | Braincrafting\",\"isPartOf\":{\"@id\":\"https:\/\/braincrafting.pl\/#website\"},\"datePublished\":\"2019-06-09T19:11:25+00:00\",\"dateModified\":\"2022-11-08T15:22:47+00:00\",\"breadcrumb\":{\"@id\":\"https:\/\/braincrafting.pl\/index.php\/polityka-prywatnosci\/#breadcrumb\"},\"inLanguage\":\"pl-PL\",\"potentialAction\":[{\"@type\":\"ReadAction\",\"target\":[\"https:\/\/braincrafting.pl\/index.php\/polityka-prywatnosci\/\"]}]},{\"@type\":\"BreadcrumbList\",\"@id\":\"https:\/\/braincrafting.pl\/index.php\/polityka-prywatnosci\/#breadcrumb\",\"itemListElement\":[{\"@type\":\"ListItem\",\"position\":1,\"name\":\"Strona g\u0142\u00f3wna\",\"item\":\"https:\/\/braincrafting.pl\/\"},{\"@type\":\"ListItem\",\"position\":2,\"name\":\"Polityka prywatno\u015bci\"}]},{\"@type\":\"WebSite\",\"@id\":\"https:\/\/braincrafting.pl\/#website\",\"url\":\"https:\/\/braincrafting.pl\/\",\"name\":\"braincrafting.pl\",\"description\":\"Budujemy Kapita\u0142 Umys\u0142u ludzi i organizacji\",\"publisher\":{\"@id\":\"https:\/\/braincrafting.pl\/#organization\"},\"potentialAction\":[{\"@type\":\"SearchAction\",\"target\":{\"@type\":\"EntryPoint\",\"urlTemplate\":\"https:\/\/braincrafting.pl\/?s={search_term_string}\"},\"query-input\":\"required name=search_term_string\"}],\"inLanguage\":\"pl-PL\"},{\"@type\":\"Organization\",\"@id\":\"https:\/\/braincrafting.pl\/#organization\",\"name\":\"braincrafting\",\"url\":\"https:\/\/braincrafting.pl\/\",\"logo\":{\"@type\":\"ImageObject\",\"inLanguage\":\"pl-PL\",\"@id\":\"https:\/\/braincrafting.pl\/#\/schema\/logo\/image\/\",\"url\":\"https:\/\/braincrafting.pl\/wp-content\/uploads\/2019\/06\/Logo.png\",\"contentUrl\":\"https:\/\/braincrafting.pl\/wp-content\/uploads\/2019\/06\/Logo.png\",\"width\":124,\"height\":62,\"caption\":\"braincrafting\"},\"image\":{\"@id\":\"https:\/\/braincrafting.pl\/#\/schema\/logo\/image\/\"}}]}<\/script>\n<!-- \/ Yoast SEO plugin. -->","yoast_head_json":{"title":"Polityka prywatno\u015bci | Braincrafting","robots":{"index":"index","follow":"follow","max-snippet":"max-snippet:-1","max-image-preview":"max-image-preview:large","max-video-preview":"max-video-preview:-1"},"canonical":"https:\/\/braincrafting.pl\/index.php\/polityka-prywatnosci\/","og_locale":"pl_PL","og_type":"article","og_title":"Polityka prywatno\u015bci | Braincrafting","og_description":"Niniejsza Polityka Prywatno\u015bci i Plik\u00f3w Cookies, stosowana jest wobec domeny strony internetowej\u00a0www.braincrafting.pl, (dalej zwanej Serwis), kt\u00f3rej operatorem jest \u201eAnna Werner-Maliszewska\u201d. Przestrzegamy Ustawy z dnia z dnia 10 maja 2018 r. o ochronie danych osobowych \u2013 podpisanej przez Prezydenta RP dnia 22 maja 2018 r., zwanej dalej Ustawa RODO. Dokument Polityki Prywatno\u015bci i Plik\u00f3w Cookies jest &hellip; Continue reading Polityka prywatno\u015bci","og_url":"https:\/\/braincrafting.pl\/index.php\/polityka-prywatnosci\/","og_site_name":"Braincrafting","article_modified_time":"2022-11-08T15:22:47+00:00","twitter_card":"summary_large_image","twitter_misc":{"Szacowany czas czytania":"8 minut"},"schema":{"@context":"https:\/\/schema.org","@graph":[{"@type":"WebPage","@id":"https:\/\/braincrafting.pl\/index.php\/polityka-prywatnosci\/","url":"https:\/\/braincrafting.pl\/index.php\/polityka-prywatnosci\/","name":"Polityka prywatno\u015bci | Braincrafting","isPartOf":{"@id":"https:\/\/braincrafting.pl\/#website"},"datePublished":"2019-06-09T19:11:25+00:00","dateModified":"2022-11-08T15:22:47+00:00","breadcrumb":{"@id":"https:\/\/braincrafting.pl\/index.php\/polityka-prywatnosci\/#breadcrumb"},"inLanguage":"pl-PL","potentialAction":[{"@type":"ReadAction","target":["https:\/\/braincrafting.pl\/index.php\/polityka-prywatnosci\/"]}]},{"@type":"BreadcrumbList","@id":"https:\/\/braincrafting.pl\/index.php\/polityka-prywatnosci\/#breadcrumb","itemListElement":[{"@type":"ListItem","position":1,"name":"Strona g\u0142\u00f3wna","item":"https:\/\/braincrafting.pl\/"},{"@type":"ListItem","position":2,"name":"Polityka prywatno\u015bci"}]},{"@type":"WebSite","@id":"https:\/\/braincrafting.pl\/#website","url":"https:\/\/braincrafting.pl\/","name":"braincrafting.pl","description":"Budujemy Kapita\u0142 Umys\u0142u ludzi i organizacji","publisher":{"@id":"https:\/\/braincrafting.pl\/#organization"},"potentialAction":[{"@type":"SearchAction","target":{"@type":"EntryPoint","urlTemplate":"https:\/\/braincrafting.pl\/?s={search_term_string}"},"query-input":"required name=search_term_string"}],"inLanguage":"pl-PL"},{"@type":"Organization","@id":"https:\/\/braincrafting.pl\/#organization","name":"braincrafting","url":"https:\/\/braincrafting.pl\/","logo":{"@type":"ImageObject","inLanguage":"pl-PL","@id":"https:\/\/braincrafting.pl\/#\/schema\/logo\/image\/","url":"https:\/\/braincrafting.pl\/wp-content\/uploads\/2019\/06\/Logo.png","contentUrl":"https:\/\/braincrafting.pl\/wp-content\/uploads\/2019\/06\/Logo.png","width":124,"height":62,"caption":"braincrafting"},"image":{"@id":"https:\/\/braincrafting.pl\/#\/schema\/logo\/image\/"}}]}},"_links":{"self":[{"href":"https:\/\/braincrafting.pl\/index.php\/wp-json\/wp\/v2\/pages\/3"}],"collection":[{"href":"https:\/\/braincrafting.pl\/index.php\/wp-json\/wp\/v2\/pages"}],"about":[{"href":"https:\/\/braincrafting.pl\/index.php\/wp-json\/wp\/v2\/types\/page"}],"author":[{"embeddable":true,"href":"https:\/\/braincrafting.pl\/index.php\/wp-json\/wp\/v2\/users\/1"}],"replies":[{"embeddable":true,"href":"https:\/\/braincrafting.pl\/index.php\/wp-json\/wp\/v2\/comments?post=3"}],"version-history":[{"count":8,"href":"https:\/\/braincrafting.pl\/index.php\/wp-json\/wp\/v2\/pages\/3\/revisions"}],"predecessor-version":[{"id":4005,"href":"https:\/\/braincrafting.pl\/index.php\/wp-json\/wp\/v2\/pages\/3\/revisions\/4005"}],"wp:attachment":[{"href":"https:\/\/braincrafting.pl\/index.php\/wp-json\/wp\/v2\/media?parent=3"}],"curies":[{"name":"wp","href":"https:\/\/api.w.org\/{rel}","templated":true}]}}